{"id":73,"date":"2024-08-15T19:28:18","date_gmt":"2024-08-15T19:28:18","guid":{"rendered":"https:\/\/laminacard.123-mousepad.de\/?page_id=73"},"modified":"2024-08-17T21:26:23","modified_gmt":"2024-08-17T21:26:23","slug":"qualitaet","status":"publish","type":"page","link":"https:\/\/laminacard.123-mousepad.de\/?page_id=73","title":{"rendered":"Qualit\u00e4t"},"content":{"rendered":"<h1>H\u00f6chste Qualit\u00e4t nach DIN EN ISO\/IEC 7810 ist unser Ma\u00dfstab<\/h1>\n<h1>Plastikkarten-Qualit\u00e4t made in Germany<\/h1>\n<div>\n<p><span class=\"aktuell\">5-Schicht-Laminatkarten<\/span><\/p>\n<p>F\u00fcr unsere 5-Schicht-Laminatkarten in Kreditkartenqualit\u00e4t verwenden wir nur Rohstoffe von deutschen Herstellern und garantieren hiermit f\u00fcr qualitativ hochwertiges PVC-Material. Die Produktion erfolgt auf modernsten Maschinen nach Qualit\u00e4tsstandard DIN EN ISO\/IEC 7810. Unsere Kartenproduktion unterliegt einer stetigen Qualit\u00e4tskontrolle durch intern geschulte Mitarbeiter. <\/p>\n<p><span class=\"aktuell\">3-Schicht-Karten (presspoliert)<\/span><\/p>\n<p>F\u00fcr unsere presspolierten 3-Schicht-Karten wird dasselbe hochwertige Material wie f\u00fcr unsere 5-Schicht-Laminatkarten verwendet, nur mit dem einen Unterschied, dass wir die Druckfarbe nicht durch eine Overlayfolie sch\u00fctzen. Die Personalisierung mit jedem handels\u00fcblichen Thermodrucker ist trotzdem m\u00f6glich. <\/p>\n<p>Nachteil: <\/p>\n<ul>\n<li>St\u00fcckzahlen sind ab 5.000 Karten m\u00f6glich<\/li>\n<li>Abrieb und kratzempfindlicher bei starker Beanspruchung<\/li>\n<li>es ist keine Magnetstreifenkarte m\u00f6glich<\/li>\n<\/ul>\n<p>Vorteil: <\/p>\n<ul>\n<li>wegen der Materialeinsparung k\u00f6nnen g\u00fcnstigere Preise <br \/>angeboten werden<\/li>\n<\/ul>\n<p class=\"aktuell\">Mono- oder Einzelkartendruck<\/p>\n<p>Es tut uns leid, aber diese Karten werden Sie auf unseren Seiten nicht finden, denn diese Karten entsprechen nicht den hohen Qualit\u00e4tsanforderungen unserer Kunden.<\/p>\n<p>Bei der Monokarte wird das Layout direkt auf den unlaminierten PVC-Kern gedruckt und nachtr\u00e4glich noch drucklackiert. Dieses Verfahren ist bei Weitem nicht so aufw\u00e4ndig wie eine 5-Schicht-Laminatkarte und kann dadurch billig angeboten werden.<\/p>\n<p>Nachfolgende Qualit\u00e4tsunterschiede wollen wir Ihnen kurz aufzeigen:<\/p>\n<p class=\"aktuell\">5-Schicht-Laminatkarten wie bei Kreditkarten<\/p>\n<ul>\n<li>die Druckfarbe wird durch eine Overlayfolie 100 % vor Abrieb und Zerkratzen gesch\u00fctzt<\/li>\n<li>nachtr\u00e4glicher Thermodruck ist mit jedem handels\u00fcblichen Thermodrucker m\u00f6glich<\/li>\n<li>die Oberfl\u00e4che ist hochgl\u00e4nzend oder nach Wunsch auch matt, ohne jegliche Unebenheiten, selbst wenn Sie die Karte im Licht spiegeln<\/li>\n<li>der Magnetstreifen wird ohne Aussparungen \u00fcber das Layout gelegt<\/li>\n<\/ul>\n<p class=\"aktuell\">Mono- oder Einzelkarten wie bei Telefonkarten<\/p>\n<ul>\n<li>die Druckfarbe wird durch einen Drucklack nur bedingt vor Abrieb und Zerkratzen gesch\u00fctzt<\/li>\n<li>nachtr\u00e4glicher Thermodruck ist nur bedingt m\u00f6glich, teilweise kann er auch erhebliche Probleme verursachen<\/li>\n<li>nach dem Bedrucken wird die Kartenoberfl\u00e4che nur mit einem Drucklack \u00fcberdruckt, wenn Sie die Karte im Licht spiegeln, wird eine unruhige Oberfl\u00e4che sichtbar<\/li>\n<li>der Magnetstreifen muss aus dem Layout ausgespart werden<\/li>\n<\/ul>\n<\/div>\n<p><img decoding=\"async\" src=\"\/wp-content\/uploads\/cta-icon.svg\" alt=\"\"><\/p>\n<h2>Sie suchen nach etwas Individuellem?<\/h2>\n<p>\n    <a href=\"#\">Contact Us<\/a>\n<\/p>\n<p><!--more--><br \/>\n<!-- {\"type\":\"layout\",\"children\":[{\"type\":\"section\",\"props\":{\"height\":\"viewport\",\"height_offset_top\":true,\"height_viewport\":80,\"image\":\"wp-content\\\/uploads\\\/2024\\\/08\\\/young-stylish-woman-showing-plastic-credit-card-eye-looking-pleased-adn-confident-smiling-ca-scaled.jpg\",\"image_loading\":true,\"image_position\":\"center-center\",\"image_size\":\"cover\",\"image_width\":\"2560\",\"padding\":\"large\",\"style\":\"secondary\",\"text_color\":\"dark\",\"title_breakpoint\":\"xl\",\"title_position\":\"top-left\",\"title_rotation\":\"left\",\"vertical_align\":\"bottom\",\"width\":\"large\"},\"children\":[{\"type\":\"row\",\"children\":[{\"type\":\"column\",\"props\":{\"image_position\":\"center-center\",\"position_sticky_breakpoint\":\"m\"},\"children\":[{\"type\":\"headline\",\"props\":{\"content\":\"H\\u00f6chste Qualit\\u00e4t nach DIN EN ISO\\\/IEC 7810 ist unser Ma\\u00dfstab\",\"margin\":\"small\",\"maxwidth\":\"2xlarge\",\"maxwidth_breakpoint\":\"m\",\"title_element\":\"h1\",\"title_style\":\"heading-medium\"}}]}]}],\"name\":\"Hero\"},{\"name\":\"Terms\",\"type\":\"section\",\"props\":{\"image_position\":\"center-center\",\"style\":\"default\",\"title_breakpoint\":\"xl\",\"title_position\":\"top-left\",\"title_rotation\":\"left\",\"vertical_align\":\"\",\"width\":\"small\"},\"children\":[{\"type\":\"row\",\"children\":[{\"type\":\"column\",\"props\":{\"image_position\":\"center-center\",\"position_sticky_breakpoint\":\"m\",\"width_medium\":\"1-1\"},\"children\":[{\"type\":\"headline\",\"props\":{\"content\":\"Plastikkarten-Qualit\\u00e4t made in Germany\",\"margin_remove_bottom\":false,\"margin_remove_top\":true,\"title_element\":\"h1\",\"title_style\":\"heading-medium\"}},{\"type\":\"text\",\"props\":{\"column_breakpoint\":\"m\",\"content\":\"\n\n<p><span class=\\\"aktuell\\\">5-Schicht-Laminatkarten<\\\/span><\\\/p>\\n\n\n<p>F\\u00fcr unsere 5-Schicht-Laminatkarten in Kreditkartenqualit\\u00e4t verwenden wir nur Rohstoffe von deutschen Herstellern und garantieren hiermit f\\u00fcr qualitativ hochwertiges PVC-Material. Die Produktion erfolgt auf modernsten Maschinen nach Qualit\\u00e4tsstandard DIN EN ISO\\\/IEC 7810. Unsere Kartenproduktion unterliegt einer stetigen Qualit\\u00e4tskontrolle durch intern geschulte Mitarbeiter. <\\\/p>\\n\n\n<p><span class=\\\"aktuell\\\">3-Schicht-Karten (presspoliert)<\\\/span><br \\\/><br \\\/>F\\u00fcr unsere presspolierten 3-Schicht-Karten wird dasselbe hochwertige Material wie f\\u00fcr unsere 5-Schicht-Laminatkarten verwendet, nur mit dem einen Unterschied, dass wir die Druckfarbe nicht durch eine Overlayfolie sch\\u00fctzen. Die Personalisierung mit jedem handels\\u00fcblichen Thermodrucker ist trotzdem m\\u00f6glich. <br \\\/><br \\\/>Nachteil: <\\\/p>\\n\n\n<ul>\\n\n\n<li>St\\u00fcckzahlen sind ab 5.000 Karten m\\u00f6glich<\\\/li>\\n\n\n<li>Abrieb und kratzempfindlicher bei starker Beanspruchung<\\\/li>\\n\n\n<li>es ist keine Magnetstreifenkarte m\\u00f6glich<\\\/li>\\n<\\\/ul>\\n\n\n<p>Vorteil: <\\\/p>\\n\n\n<ul>\\n\n\n<li>wegen der Materialeinsparung k\\u00f6nnen g\\u00fcnstigere Preise <br \\\/>angeboten werden<\\\/li>\\n<\\\/ul>\\n\n\n<p class=\\\"aktuell\\\">Mono- oder Einzelkartendruck<\\\/p>\\n\n\n<p>Es tut uns leid, aber diese Karten werden Sie auf unseren Seiten nicht finden, denn diese Karten entsprechen nicht den hohen Qualit\\u00e4tsanforderungen unserer Kunden.<\\\/p>\\n\n\n<p>Bei der Monokarte wird das Layout direkt auf den unlaminierten PVC-Kern gedruckt und nachtr\\u00e4glich noch drucklackiert. Dieses Verfahren ist bei Weitem nicht so aufw\\u00e4ndig wie eine 5-Schicht-Laminatkarte und kann dadurch billig angeboten werden.<\\\/p>\\n\n\n<p>Nachfolgende Qualit\\u00e4tsunterschiede wollen wir Ihnen kurz aufzeigen:<\\\/p>\\n\n\n<p class=\\\"aktuell\\\">5-Schicht-Laminatkarten wie bei Kreditkarten<\\\/p>\\n\n\n<ul>\\n\n\n<li>die Druckfarbe wird durch eine Overlayfolie 100 % vor Abrieb und Zerkratzen gesch\\u00fctzt<\\\/li>\\n\n\n<li>nachtr\\u00e4glicher Thermodruck ist mit jedem handels\\u00fcblichen Thermodrucker m\\u00f6glich<\\\/li>\\n\n\n<li>die Oberfl\\u00e4che ist hochgl\\u00e4nzend oder nach Wunsch auch matt, ohne jegliche Unebenheiten, selbst wenn Sie die Karte im Licht spiegeln<\\\/li>\\n\n\n<li>der Magnetstreifen wird ohne Aussparungen \\u00fcber das Layout gelegt<\\\/li>\\n<\\\/ul>\\n\n\n<p class=\\\"aktuell\\\">Mono- oder Einzelkarten wie bei Telefonkarten<\\\/p>\\n\n\n<ul>\\n\n\n<li>die Druckfarbe wird durch einen Drucklack nur bedingt vor Abrieb und Zerkratzen gesch\\u00fctzt<\\\/li>\\n\n\n<li>nachtr\\u00e4glicher Thermodruck ist nur bedingt m\\u00f6glich, teilweise kann er auch erhebliche Probleme verursachen<\\\/li>\\n\n\n<li>nach dem Bedrucken wird die Kartenoberfl\\u00e4che nur mit einem Drucklack \\u00fcberdruckt, wenn Sie die Karte im Licht spiegeln, wird eine unruhige Oberfl\\u00e4che sichtbar<\\\/li>\\n\n\n<li>der Magnetstreifen muss aus dem Layout ausgespart werden<\\\/li>\\n<\\\/ul>\",\"margin\":\"default\"}}]}]}]},{\"name\":\"Call to Action\",\"type\":\"section\",\"props\":{\"image\":\"wp-content\\\/uploads\\\/2024\\\/08\\\/high-view-laptop-black-shopping-card-scaled.jpg\",\"image_effect\":\"fixed\",\"image_position\":\"top-center\",\"overlap\":false,\"padding_remove_bottom\":false,\"padding_remove_top\":false,\"preserve_color\":false,\"style\":\"default\",\"text_color\":\"light\",\"title_breakpoint\":\"xl\",\"title_position\":\"top-left\",\"title_rotation\":\"left\",\"vertical_align\":\"\",\"width\":\"xlarge\"},\"children\":[{\"type\":\"row\",\"children\":[{\"type\":\"column\",\"props\":{\"image_position\":\"center-center\",\"image_size\":\"cover\",\"image_width\":\"1600\",\"padding\":\"large\",\"position_sticky_breakpoint\":\"m\",\"vertical_align\":\"bottom\"},\"children\":[{\"type\":\"image\",\"props\":{\"image\":\"wp-content\\\/uploads\\\/cta-icon.svg\",\"image_svg_color\":\"emphasis\",\"image_svg_inline\":true,\"margin\":\"default\",\"text_align\":\"center\"}},{\"type\":\"headline\",\"props\":{\"content\":\"Sie suchen nach etwas Individuellem?\",\"margin\":\"default\",\"text_align\":\"center\",\"title_element\":\"h2\",\"title_style\":\"heading-small\"}},{\"type\":\"button\",\"props\":{\"button_size\":\"large\",\"fullwidth\":false,\"grid_column_gap\":\"\",\"grid_row_gap\":\"\",\"margin\":\"large\",\"margin_remove_bottom\":false,\"text_align\":\"center\"},\"children\":[{\"type\":\"button_item\",\"props\":{\"button_style\":\"default\",\"content\":\"Contact Us\",\"icon_align\":\"left\",\"link\":\"#\"}}]}]}],\"props\":{\"margin_remove_bottom\":false,\"margin_remove_top\":false}}]}],\"version\":\"4.4.7\"} --><\/p>\n","protected":false},"excerpt":{"rendered":"<p>H\u00f6chste Qualit\u00e4t nach DIN EN ISO\/IEC 7810 ist unser Ma\u00dfstab Plastikkarten-Qualit\u00e4t made in Germany 5-Schicht-Laminatkarten F\u00fcr unsere 5-Schicht-Laminatkarten in Kreditkartenqualit\u00e4t verwenden wir nur Rohstoffe von deutschen Herstellern und garantieren hiermit f\u00fcr qualitativ hochwertiges PVC-Material. Die Produktion erfolgt auf modernsten Maschinen nach Qualit\u00e4tsstandard DIN EN ISO\/IEC 7810. Unsere Kartenproduktion unterliegt einer stetigen Qualit\u00e4tskontrolle durch intern geschulte [&hellip;]<\/p>\n","protected":false},"author":1,"featured_media":0,"parent":0,"menu_order":0,"comment_status":"closed","ping_status":"closed","template":"","meta":{"footnotes":""},"class_list":["post-73","page","type-page","status-publish","hentry"],"_links":{"self":[{"href":"https:\/\/laminacard.123-mousepad.de\/index.php?rest_route=\/wp\/v2\/pages\/73","targetHints":{"allow":["GET"]}}],"collection":[{"href":"https:\/\/laminacard.123-mousepad.de\/index.php?rest_route=\/wp\/v2\/pages"}],"about":[{"href":"https:\/\/laminacard.123-mousepad.de\/index.php?rest_route=\/wp\/v2\/types\/page"}],"author":[{"embeddable":true,"href":"https:\/\/laminacard.123-mousepad.de\/index.php?rest_route=\/wp\/v2\/users\/1"}],"replies":[{"embeddable":true,"href":"https:\/\/laminacard.123-mousepad.de\/index.php?rest_route=%2Fwp%2Fv2%2Fcomments&post=73"}],"version-history":[{"count":6,"href":"https:\/\/laminacard.123-mousepad.de\/index.php?rest_route=\/wp\/v2\/pages\/73\/revisions"}],"predecessor-version":[{"id":106,"href":"https:\/\/laminacard.123-mousepad.de\/index.php?rest_route=\/wp\/v2\/pages\/73\/revisions\/106"}],"wp:attachment":[{"href":"https:\/\/laminacard.123-mousepad.de\/index.php?rest_route=%2Fwp%2Fv2%2Fmedia&parent=73"}],"curies":[{"name":"wp","href":"https:\/\/api.w.org\/{rel}","templated":true}]}}